{"id":2,"date":"2011-10-24T06:34:03","date_gmt":"2011-10-24T06:34:03","guid":{"rendered":"http:\/\/iftinforskola.se\/\/?page_id=2"},"modified":"2025-09-25T15:48:26","modified_gmt":"2025-09-25T15:48:26","slug":"sample-page","status":"publish","type":"page","link":"http:\/\/iftinforskola.se\/","title":{"rendered":"Om oss"},"content":{"rendered":"<p style=\"text-align: center;\">IFTIN \u00e4r en frist\u00e5ende f\u00f6rskola som \u00f6ppnades 2010. Verksamheten bedrivs i fr\u00e4scha lokaler\u00a0 i bostadskvarteret Skidbacken i Hallonbergen. F\u00f6rskolan \u00e4r centralt bel\u00e4gen mellan Sundbyberg, Solna, Tensta och Kista, och har goda kommunikationer. Lokalen ligger p\u00e5 bottenplan med en ing\u00e5ng till varje avdelning. Utanf\u00f6r finns en avsk\u00e4rmad uteplats som de yngsta barnen, sm\u00e5barnsavdelning brukar leka p\u00e5. Milj\u00f6n kring f\u00f6rskolan \u00e4r gr\u00f6n och inbjudande. B\u00e5da barngrupperna storbarnsavdelning, g\u00e5r dagligen till n\u00e4rliggande lekplatser, n\u00e4rliggande <a href=\"http:\/\/iftinforskola.se\/wp-content\/uploads\/2019\/03\/gr\u00f6nomraden.pdf\">parker, skogar och gr\u00f6nomr\u00e5den.<\/a>\u00a0Varje vecka g\u00e5r de \u00e4ven l\u00e4ngre promenader, just nu \u00e4r L\u00f6tsj\u00f6n och en nyuppt\u00e4ckt sp\u00e4nnande skog, mycket popul\u00e4r.<\/p>\n<p style=\"text-align: center;\">Vi v\u00e4lkomnar alla barn i \u00e5ldern 1-5 \u00e5r. Vi erbjuder en trygg, harmonisk, kreativ milj\u00f6 med tydlig struktur d\u00e4r barnen utvecklar sin sj\u00e4lvk\u00e4nsla och ett gott kamratskap, med lust att leka och utforska och l\u00e4ra.<\/p>\n<p style=\"text-align: center;\">F\u00f6rskolan har tv\u00e5 barngrupper med plats f\u00f6r upp till 43 barn. I f\u00f6rskolan arbetar personal med b\u00e5de erfarenhet och engagemang, fem barnsk\u00f6tare och tre f\u00f6rskoll\u00e4rare.<\/p>\n<p style=\"text-align: center;\">IFTIN \u00e4r en f\u00f6rskola d\u00e4r barnen och spr\u00e5ket st\u00e5r i centrum.<\/p>\n<p style=\"text-align: center;\">IFTIN f\u00f6rskola l\u00e4gger fokus p\u00e5<br \/>\u2022\u00a0\u00a0\u00a0 Att alla barn har lika v\u00e4rde<br \/>\u2022\u00a0\u00a0\u00a0 Trygghet och trivsel<br \/>\u2022\u00a0\u00a0\u00a0 H\u00e4lsa\/livsgl\u00e4dje, harmoni och tolerans<br \/>\u2022\u00a0\u00a0\u00a0 Uppmuntran, spr\u00e5kstimulans (ex. H\u00f6gl\u00e4sing med dialog ) och social utveckling<br \/>\u2022\u00a0\u00a0\u00a0 L\u00e4rande genom aktiviteter som programmering, skapande mm<\/p>\n<ul>\n<li style=\"text-align: center;\">Vi unders\u00f6ker naturen ur ett naturvetenskapligt perspektiv utifr\u00e5n nyfikenhet, intresse, bes\u00f6k i skog o mark, experiment.<br \/>\u2022\u00a0\u00a0\u00a0 Utelek minst en g\u00e5ng per dag<br \/>\u2022\u00a0\u00a0\u00a0 Respekt f\u00f6r varje barns individuella behov<\/li>\n<li style=\"text-align: center;\">Viktiga h\u00f6gtider uppm\u00e4rksammas, vilken h\u00f6gtid \u00e4r viktig f\u00f6r ditt barn och dig?<br \/>\u2022\u00a0 F\u00f6r\u00e4ldrainflytande<\/li>\n<\/ul>\n<p style=\"text-align: center;\">\u2022\u00a0 \u00a0 \u00a0Individuell utvecklingsplan<\/p>\n<p><img decoding=\"async\" loading=\"lazy\" class=\"aligncenter\" src=\"https:\/\/play-lh.googleusercontent.com\/6unkdUH0eefAe3Ztr9bPtn8841WB7lVUnaTKj_Ec5g7WS2JIlWD7dP3NsyN_1sorqJRf=w240-h480-rw\" alt=\"Ikonbild\" width=\"59\" height=\"59\" \/><\/p>\n<p style=\"text-align: center;\"><a href=\"https:\/\/abbum.se\/\">Abbum app \/ webbsida | H\u00e4r kan du som f\u00f6r\u00e4lder f\u00f6lja ditt barns utveckling genom filmer<\/a> <a href=\"https:\/\/abbum.se\/\">\/ bilder \/ pedagogisk dokumentation \/ sjukanm\u00e4la \/ ans\u00f6ka om ledighet \/ \u00e4ndra schema mm.<\/a><\/p>\n<p><strong>B\u00f6cker &#8211; H\u00f6gl\u00e4sning med dialog p\u00e5 flera spr\u00e5k!\u00a0<\/strong><\/p>\n<p>Vi g\u00e5r till biblioteket i Hallonbergen p\u00e5 tisdagar och har sagostunder dagligen p\u00e5 f\u00f6rskolan. P\u00e5 sagostunderna f\u00e5r barnen samtala med och l\u00e4ra sig nya ord. Det \u00e4r mysigt att l\u00e4sa.<\/p>\n<p><a href=\"https:\/\/apps.apple.com\/se\/app\/polyglutt\/id1277042294\">\u00a0<\/a><\/p>\n<div style=\"text-align: center;\"><strong>V\u00e4lkommen till oss!<\/strong><\/div>\n<div>\u00a0<\/div>\n<div style=\"text-align: center;\"><a href=\"https:\/\/iftinforskola.se\/?page_id=54\">Ni \u00e4r v\u00e4lkomna\u00a0<\/a><\/div>\n<div style=\"text-align: center;\">\u00a0<\/div>\n<div style=\"text-align: center;\"><a href=\"http:\/\/iftinforskola.se\/wp-content\/uploads\/2021\/03\/logga-ny-1.png\"><img decoding=\"async\" loading=\"lazy\" class=\"wp-image-133 aligncenter\" src=\"http:\/\/iftinforskola.se\/wp-content\/uploads\/2021\/03\/logga-ny-1.png\" alt=\"\" width=\"358\" height=\"171\" \/><\/a><a href=\"http:\/\/iftinforskola.se\/wp-content\/uploads\/2018\/11\/Spr\u00e5kutvecklingsplan..pdf\">Spr\u00e5kutvecklingsplan<\/a><\/div>\n<div style=\"text-align: center;\">\u00a0 <a href=\"http:\/\/iftinforskola.se\/wp-content\/uploads\/2021\/03\/Kalendarium-VT-2021.pdf\">Kalendarium VT 2021 &#8211; uppdaterad version finns i Abbum<\/a><\/div>\n<div style=\"text-align: center;\"><a href=\"http:\/\/iftinforskola.se\/wp-content\/uploads\/2021\/03\/rutiner-f\u00f6r\u00e4ldrainfo.pdf\">Rutiner i vardagen<\/a><\/div>\n<div style=\"text-align: center;\"><a href=\"http:\/\/iftinforskola.se\/wp-content\/uploads\/2021\/03\/V\u00e4lkommen-information-om-iftin-f\u00f6rskola-f\u00f6r\u00e4ldrainfo.pdf\">Information inf\u00f6r f\u00f6rskolestart<\/a><\/div>\n<div style=\"text-align: center;\"><a href=\"https:\/\/www.sundbyberg.se\/forskola-utbildning\/forskola-och-pedagogisk-omsorg\/avgift-forskola.html\">Avgift &#8211; Sundbyberg stad<\/a><\/div>\n<div style=\"text-align: center;\"><a href=\"http:\/\/iftinforskola.se\/wp-content\/uploads\/2021\/03\/Plan-mot-kr\u00e4nkande-behandling-trakasserier-och-diskriminering-2021.pdf\">Plan mot kr\u00e4nkande behandling trakasserier och diskriminering &#8211; uppdaterad version finns i Abbum<\/a><\/div>\n<div style=\"text-align: center;\">Klagom\u00e5lshantering &#8211; ny rutin, information finns i Abbum samt p\u00e5 f\u00f6rskolan<\/div>\n<div style=\"text-align: center;\"><a href=\"https:\/\/www.sundbyberg.se\/forskola-utbildning\/forskola-och-pedagogisk-omsorg\/forsakring.html\">F\u00f6rs\u00e4kring &#8211; Sundbyberg stad<\/a><\/div>\n<div style=\"text-align: center;\">\u00a0<a href=\"http:\/\/iftinforskola.se\/wp-content\/uploads\/2021\/03\/vistelsetid-adress-tel-\u00e4ndring.pdf\">Anm\u00e4la \u00e4ndring av vistelsetid, adress,tel genom att maila admin@iftinforskola.se<\/a><\/div>\n<div style=\"text-align: center;\">\u00a0<\/div>\n\n\n<p><\/p>\n\n\n\n<p><\/p>\n","protected":false},"excerpt":{"rendered":"<p>IFTIN \u00e4r en frist\u00e5ende f\u00f6rskola som \u00f6ppnades 2010. Verksamheten bedrivs i fr\u00e4scha lokaler\u00a0 i bostadskvarteret Skidbacken i Hallonbergen. F\u00f6rskolan \u00e4r centralt bel\u00e4gen mellan Sundbyberg, Solna, Tensta och Kista, och har goda kommunikationer. Lokalen ligger p\u00e5 bottenplan med en ing\u00e5ng till &hellip; <a href=\"http:\/\/iftinforskola.se\/\">L\u00e4s mer <span class=\"meta-nav\">&rarr;<\/span><\/a><\/p>\n","protected":false},"author":1,"featured_media":0,"parent":0,"menu_order":0,"comment_status":"open","ping_status":"open","template":"showcase.php","meta":[],"_links":{"self":[{"href":"http:\/\/iftinforskola.se\/index.php?rest_route=\/wp\/v2\/pages\/2"}],"collection":[{"href":"http:\/\/iftinforskola.se\/index.php?rest_route=\/wp\/v2\/pages"}],"about":[{"href":"http:\/\/iftinforskola.se\/index.php?rest_route=\/wp\/v2\/types\/page"}],"author":[{"embeddable":true,"href":"http:\/\/iftinforskola.se\/index.php?rest_route=\/wp\/v2\/users\/1"}],"replies":[{"embeddable":true,"href":"http:\/\/iftinforskola.se\/index.php?rest_route=%2Fwp%2Fv2%2Fcomments&post=2"}],"version-history":[{"count":39,"href":"http:\/\/iftinforskola.se\/index.php?rest_route=\/wp\/v2\/pages\/2\/revisions"}],"predecessor-version":[{"id":248,"href":"http:\/\/iftinforskola.se\/index.php?rest_route=\/wp\/v2\/pages\/2\/revisions\/248"}],"wp:attachment":[{"href":"http:\/\/iftinforskola.se\/index.php?rest_route=%2Fwp%2Fv2%2Fmedia&parent=2"}],"curies":[{"name":"wp","href":"https:\/\/api.w.org\/{rel}","templated":true}]}}

<p style="text-align: center;">IFTIN är en fristående förskola som öppnades 2010. Verksamheten bedrivs i fräscha lokaler  i bostadskvarteret Skidbacken i Hallonbergen. Förskolan är centralt belägen mellan Sundbyberg, Solna, Tensta och Kista, och har goda kommunikationer. Lokalen ligger på bottenplan med en ingång till varje avdelning. Utanför finns en avskärmad uteplats som de yngsta barnen, småbarnsavdelning brukar leka på. Miljön kring förskolan är grön och inbjudande. Båda barngrupperna storbarnsavdelning, går dagligen till närliggande lekplatser, närliggande <a href="http://iftinforskola.se/wp-content/uploads/2019/03/grönomraden.pdf">parker, skogar och grönområden.</a> Varje vecka går de även längre promenader, just nu är Lötsjön och en nyupptäckt spännande skog, mycket populär.</p>
<p style="text-align: center;">Vi välkomnar alla barn i åldern 1-5 år. Vi erbjuder en trygg, harmonisk, kreativ miljö med tydlig struktur där barnen utvecklar sin självkänsla och ett gott kamratskap, med lust att leka och utforska och lära.</p>
<p style="text-align: center;">Förskolan har två barngrupper med plats för upp till 43 barn. I förskolan arbetar personal med både erfarenhet och engagemang, fem barnskötare och tre förskollärare.</p>
<p style="text-align: center;">IFTIN är en förskola där barnen och språket står i centrum.</p>
<p style="text-align: center;">IFTIN förskola lägger fokus på<br />•    Att alla barn har lika värde<br />•    Trygghet och trivsel<br />•    Hälsa/livsglädje, harmoni och tolerans<br />•    Uppmuntran, språkstimulans (ex. Högläsing med dialog ) och social utveckling<br />•    Lärande genom aktiviteter som programmering, skapande mm</p>
<ul>
<li style="text-align: center;">Vi undersöker naturen ur ett naturvetenskapligt perspektiv utifrån nyfikenhet, intresse, besök i skog o mark, experiment.<br />•    Utelek minst en gång per dag<br />•    Respekt för varje barns individuella behov</li>
<li style="text-align: center;">Viktiga högtider uppmärksammas, vilken högtid är viktig för ditt barn och dig?<br />•  Föräldrainflytande</li>
</ul>
<p style="text-align: center;">•     Individuell utvecklingsplan</p>
<p><img decoding="async" loading="lazy" class="aligncenter" src="https://play-lh.googleusercontent.com/6unkdUH0eefAe3Ztr9bPtn8841WB7lVUnaTKj_Ec5g7WS2JIlWD7dP3NsyN_1sorqJRf=w240-h480-rw" alt="Ikonbild" width="59" height="59" /></p>
<p style="text-align: center;"><a href="https://abbum.se/">Abbum app / webbsida | Här kan du som förälder följa ditt barns utveckling genom filmer</a> <a href="https://abbum.se/">/ bilder / pedagogisk dokumentation / sjukanmäla / ansöka om ledighet / ändra schema mm.</a></p>
<p><strong>Böcker &#8211; Högläsning med dialog på flera språk! </strong></p>
<p>Vi går till biblioteket i Hallonbergen på tisdagar och har sagostunder dagligen på förskolan. På sagostunderna får barnen samtala med och lära sig nya ord. Det är mysigt att läsa.</p>
<p><a href="https://apps.apple.com/se/app/polyglutt/id1277042294"> </a></p>
<div style="text-align: center;"><strong>Välkommen till oss!</strong></div>
<div> </div>
<div style="text-align: center;"><a href="https://iftinforskola.se/?page_id=54">Ni är välkomna </a></div>
<div style="text-align: center;"> </div>
<div style="text-align: center;"><a href="http://iftinforskola.se/wp-content/uploads/2021/03/logga-ny-1.png"><img decoding="async" loading="lazy" class="wp-image-133 aligncenter" src="http://iftinforskola.se/wp-content/uploads/2021/03/logga-ny-1.png" alt="" width="358" height="171" /></a><a href="http://iftinforskola.se/wp-content/uploads/2018/11/Språkutvecklingsplan..pdf">Språkutvecklingsplan</a></div>
<div style="text-align: center;">  <a href="http://iftinforskola.se/wp-content/uploads/2021/03/Kalendarium-VT-2021.pdf">Kalendarium VT 2021 &#8211; uppdaterad version finns i Abbum</a></div>
<div style="text-align: center;"><a href="http://iftinforskola.se/wp-content/uploads/2021/03/rutiner-föräldrainfo.pdf">Rutiner i vardagen</a></div>
<div style="text-align: center;"><a href="http://iftinforskola.se/wp-content/uploads/2021/03/Välkommen-information-om-iftin-förskola-föräldrainfo.pdf">Information inför förskolestart</a></div>
<div style="text-align: center;"><a href="https://www.sundbyberg.se/forskola-utbildning/forskola-och-pedagogisk-omsorg/avgift-forskola.html">Avgift &#8211; Sundbyberg stad</a></div>
<div style="text-align: center;"><a href="http://iftinforskola.se/wp-content/uploads/2021/03/Plan-mot-kränkande-behandling-trakasserier-och-diskriminering-2021.pdf">Plan mot kränkande behandling trakasserier och diskriminering &#8211; uppdaterad version finns i Abbum</a></div>
<div style="text-align: center;">Klagomålshantering &#8211; ny rutin, information finns i Abbum samt på förskolan</div>
<div style="text-align: center;"><a href="https://www.sundbyberg.se/forskola-utbildning/forskola-och-pedagogisk-omsorg/forsakring.html">Försäkring &#8211; Sundbyberg stad</a></div>
<div style="text-align: center;"> <a href="http://iftinforskola.se/wp-content/uploads/2021/03/vistelsetid-adress-tel-ändring.pdf">Anmäla ändring av vistelsetid, adress,tel genom att maila admin@iftinforskola.se</a></div>
<div style="text-align: center;"> </div>


<p></p>



<p></p>

<p>IFTIN är en fristående förskola som öppnades 2010. Verksamheten bedrivs i fräscha lokaler  i bostadskvarteret Skidbacken i Hallonbergen. Förskolan är centralt belägen mellan Sundbyberg, Solna, Tensta och Kista, och har goda kommunikationer. Lokalen ligger på bottenplan med en ingång till &hellip; <a href="http://iftinforskola.se/">Läs mer <span class="meta-nav">&rarr;</span></a></p>
